3
Let q(a) = a**2 + 2*a + 2. Let l be q(-2). Suppose 3 = d + l. Let f(h) = 14*h + 1. What are the prime factors of f(d)?
3, 5
Suppose 0 = 17*q + q - 16938. What are the prime factors of q?
941
Suppose 91*q - 350 = 86*q. What are the prime factors of q?
2, 5, 7
Let f(h) = h**2 + 13*h - 10. Let b(v) = -2*v**2 - 14*v + 10. Let o(w) = -3*b(w) - 4*f(w). List the prime factors of o(6).
2, 11
Suppose -2*b + 6 = b. Let r be (-42)/(-4) + b/4. Suppose -16*g + r*g = -15. List the prime factors of g.
3
Suppose 3*m = 3*o - 1212, 3*o = -0*m + 4*m + 1211. Suppose -5*b + 0*b = -d - o, -5*b = -5*d - 385. List the prime factors of b.
2, 41
Suppose -13*s = -14*s - 3*q + 1165, 0 = 5*s - 4*q - 5920. List the prime factors of s.
2, 5, 59
Suppose 2*k + 5*a + 10 = 3*k, a - 24 = -5*k. Suppose 4*l - 2*r = -0*l - 2, -k*r + 16 = l. What are the prime factors of (-4)/l - (-8 - 49)?
53
Let b(n) = 8*n + 65. What are the prime factors of b(11)?
3, 17
Suppose 4*i - 6 = -3*q + 1, q = -4*i + 13. Let m(d) = 2*d**2 - 21*d + 15. Let x be m(10). Let r = q + x. List the prime factors of r.
2
Let x be ((-2 - 1) + 2)/(-1). Suppose 464 = 3*u + 2*d + 3*d, 0 = d - x. List the prime factors of u.
3, 17
List the prime factors of ((-580)/203)/((-8)/4676).
2, 5, 167
Let f(o) = -14*o**2 + 4*o + 4. Let u be f(-4). Let v = u + 341. List the prime factors of v.
3, 5, 7
Let z(t) = 3*t + 2. Let l be z(-4). Let x = l - 0. What are the prime factors of (24/(-5))/(3/x)?
2
Let v be (-15)/(-6) + (-1)/2. Suppose -1 = -v*x + x. List the prime factors of (-4)/(0 + -3 + x).
2
Suppose 0 = 4*q, 4*d + 2*q - 638 = 22. What are the prime factors of d?
3, 5, 11
Let d = -19 - -19. Suppose -f - 3*m - 15 = d, 2*f = -2*m - m - 15. Suppose -n = -f*u + u - 35, -2*n - 4 = 0. List the prime factors of u.
37
Suppose -o = -174 + 39. What are the prime factors of o?
3, 5
Let x(u) = 5*u**2 - 14*u - 43. What are the prime factors of x(13)?
2, 5, 31
Let x = 1171 + 133. What are the prime factors of x?
2, 163
Let h = 924 + -326. List the prime factors of h.
2, 13, 23
Let u(q) = -13*q - 2. Let x(a) = -4*a - 10. Let n(j) = -3*j - 7. Let b(g) = -7*n(g) + 5*x(g). Let k be b(-2). List the prime factors of u(k).
37
Suppose -7*n = 1906 - 5336. What are the prime factors of n?
2, 5, 7
Let t = 10 - -2. Suppose -58 + t = -i. Suppose 0 = -2*j + i + 32. List the prime factors of j.
3, 13
Let k = -220 + 176. Suppose 5*c - 29 + 113 = -3*f, -5*c = 4*f + 112. Let s = f - k. List the prime factors of s.
2
Suppose s - 26 = 22. Suppose -4*p = 2*p. Suppose p - s = -4*j. What are the prime factors of j?
2, 3
Suppose -3*y - 3*p = -6*y + 912, 628 = 2*y + 2*p. List the prime factors of y.
3, 103
Suppose -3*l + 107 = -7*y + 2*y, 64 = 2*l + 4*y. Let x = -19 - -13. Let v = x + l. What are the prime factors of v?
2, 7
Let r(a) = a + 89. What are the prime factors of r(44)?
7, 19
Suppose -5*a + 4420 = 4*l, 0 = 3*l - 5*a - 2847 - 433. List the prime factors of l.
2, 5, 11
Suppose -708 = -3*v - 0*v. Let k = -20 + v. What are the prime factors of k?
2, 3
Suppose 3*y = -4*h - 20, -2*h + 3*h + 5 = 0. Suppose -14 = -5*g + 41. Suppose -v + 3 = 0, 4*j + v + 0*v - g = y. What are the prime factors of j?
2
Suppose 5*g + 147 - 1751 = b, b + 644 = 2*g. Suppose -8*m = -4*m - g. What are the prime factors of m?
2, 5
Let c be -1*(-1 + -4) - -9. Let o(q) = 6 + 13*q + 3 - q**2 + 11. List the prime factors of o(c).
2, 3
What are the prime factors of 2/5 + (-162922)/(-145)?
2, 281
Let v(l) = 3*l**3 + 4*l**2 - 5*l + 5. What are the prime factors of v(3)?
107
Let v(x) = -x**3 + 5*x**2 - 5*x + 3. Let i be v(4). Let j be 10*(2/(-4) - i). Suppose -4*o - y + j*y = -136, 5*o = -2*y + 198. What are the prime factors of o?
2, 19
Suppose 0*o - o + 167 = 0. Suppose -4*b + 7*b = 4*x + 695, -o = x - 3*b. What are the prime factors of x/(-6) - 40/(-60)?
2, 3, 5
Suppose 32 = -10*p + 6*p. List the prime factors of 243/4 + 6/p.
2, 3, 5
Let k(c) be the first derivative of -3*c**4/4 - 2*c**3/3 + 4*c - 14. List the prime factors of k(-2).
2, 5
Let f = 310 + 160. List the prime factors of f.
2, 5, 47
List the prime factors of (-3)/(12/16) - (-4 - 169).
13
List the prime factors of (446*1)/((-16)/(-32)).
2, 223
Let i(u) = -2*u**3 - 3*u**2 - 26*u - 1. List the prime factors of i(-11).
2, 17, 19
Let s be (-11388)/(-114) - (-2)/19. Suppose 3*m + 15 = -t + s, -2*m = t - 58. List the prime factors of m.
3
Let f(d) = -3*d - 8 + 96 + d**2 + 0*d**2 + 97. List the prime factors of f(0).
5, 37
Suppose -17*u = -20*u - 18. What are the prime factors of (-4)/u*3 + 94/1?
2, 3
Let o(r) = -92*r**3 + r**2 - 2. What are the prime factors of o(-2)?
2, 3, 41
Let q be (0 + 0)/((-4)/4). Suppose q = 4*z - p - 197 + 26, 4 = 4*p. What are the prime factors of z?
43
List the prime factors of (-6)/(-2)*1150/10.
3, 5, 23
What are the prime factors of 50/250 + ((-1529)/(-5) - 1)?
5, 61
Suppose 5*h - 3 = 7. Suppose -2*z + h*v = -v - 1, -1 = z - 2*v. Suppose 0 = 5*t - f - 17, 0 = -5*t + 3*f - 8*f + z. What are the prime factors of t?
3
Suppose p + 1162 - 5274 = 0. List the prime factors of p.
2, 257
Suppose -4 = 4*f + 4*w + 4, w = -4. Suppose -f*s - 567 = -11*s. What are the prime factors of s?
3, 7
Let w(t) be the third derivative of t**6/120 + 7*t**5/60 + 5*t**4/24 - t**3/6 + 6*t**2. Let r be w(-4). Let k = r + -16. List the prime factors of k.
11
Let m = -10927 - -15724. List the prime factors of m.
3, 13, 41
Suppose 202*m - 190*m = 29856. List the prime factors of m.
2, 311
Suppose 0*u - 70 = u. Let d = u + 102. Suppose -9 + d = s. What are the prime factors of s?
23
Suppose 0 = -8*c + 465 + 567. List the prime factors of (c/4)/(54/144).
2, 43
Let d = -12 + 254. Suppose -3*l - 2*b + 146 = -0*l, 0 = 5*l + 2*b - d. What are the prime factors of l?
2, 3
Let w(t) = t**3 - 7*t**2 + t - 8. Let r be w(7). Let j = -4 + r. What are the prime factors of 18/45 - 178/j?
2, 3
Let m(x) = 2134*x**2 + 12*x + 12. List the prime factors of m(-1).
2, 11, 97
Let c = 985 - -305. List the prime factors of c.
2, 3, 5, 43
Suppose -4*c = -240 - 624. Suppose -5*h + 285 = 5*u, 0*h + 2*u = 4*h - c. List the prime factors of h.
5, 11
Suppose h + 1856 = 5*x - 3934, 0 = -h. List the prime factors of x.
2, 3, 193
Suppose 10*o - 14 = 8656. What are the prime factors of o?
3, 17
Suppose 18*g = 15469 - 4039. What are the prime factors of g?
5, 127
Suppose -f - f + 866 = 0. What are the prime factors of f?
433
Let l = -5 - -1. What are the prime factors of l/(-3) + 1/((-12)/(-1052))?
89
Let i = 19 + -27. List the prime factors of 357/14*i/(-6).
2, 17
Suppose 11*l = 19625 - 2586. What are the prime factors of l?
1549
Suppose 6*n - 198 = 3*n. Let i = 123 - n. What are the prime factors of i?
3, 19
Suppose 2*m = -5*d + 22, 4*d + m + 3*m = 20. Suppose -5*t + l - 3*l = -195, 2*t = -d*l + 94. What are the prime factors of t?
37
Let y = 191 + -115. Let j = y - -31. List the prime factors of j.
107
Let w be (-4 - -10) + -1 + 1. Suppose o = -o + w. Suppose 0 = -2*p + 6, 69 = o*x + 5*p - 24. List the prime factors of x.
2, 13
What are the prime factors of 1/8 - (-24381)/24?
2, 127
Let h(o) = o**3 + 11*o**2 - 12*o + 3. Let w be h(-12). Suppose w*a - 11 = -t + 112, 0 = 4*t + 2*a - 512. What are the prime factors of t?
3, 43
Let i(z) = 2*z - 12*z + 14 + 0*z + 17*z. List the prime factors of i(8).
2, 5, 7
Let t(z) = 17*z**2 + 33*z - 1. What are the prime factors of t(-8)?
823
Suppose 25 = -5*y + 5*b, -b + 3*b - 16 = 4*y. Let h = -10 - y. What are the prime factors of 12/42 - 208/h?
2, 3, 5
Let b(h) = h - 4. Let l be b(9). Suppose -l*p + p = -220. What are the prime factors of p?
5, 11
Let x be (-5)/(-10) - 113/(-2). Let g = x + -36. Let i = g + -15. List the prime factors of i.
2, 3
Let g be 1/(2505/625 + -5 + 1). Suppose -128*j + 561 = -g*j. What are the prime factors of j?
11, 17
Let h = 0 + 1. Let n = -141 - -141. Suppose 0 = 3*k + r - 31, 4*r - h - 15 = n. List the prime factors of k.
3
Let z(g) = 11*g**2 + 50*g - 3. What are the prime factors of z(-12)?
3, 109
Let d(v) = 2*v**2 - 10*v + 17. Let c(w) = -9*w - 2. Let t be c(-1). What are the prime factors of d(t)?
3, 5
Let q = 1 + -1. Suppose q = 5*f - 4*h - 27, 0*f + 2*h = -2*f. What are the prime factors of (-1)/(f*(-2)/222)?
37
Let b(w) be the second derivative of 2*w**3 - 15*w**2/2 + 3*w. Let r(p) = 13*p - 16